?
7
Let t = 6308 + -5418. Calculate the greatest common divisor of 2848 and t.
178
Let o = -9728 - -16923. Suppose 1099 + o = 22*j. What is the highest common divisor of 29 and j?
29
Suppose -223*h - 34748 = -1245*h. Let y be 1699/4 + (-3)/(-12). Calculate the greatest common factor of h and y.
17
Let j be ((-464)/28)/((-10)/175). Calculate the highest common divisor of j and 3625.
145
Let d(t) = t**3 + 26*t**2 + 74*t + 63. Let b be d(-19). Calculate the greatest common factor of 1332 and b.
148
Suppose 0 = 113*o - 11*o - 286456 - 2176130. What is the greatest common factor of 7 and o?
7
Let d = 31 + -20. What is the highest common divisor of d and 1199?
11
Let k = -5 + 99. Let g(j) = -3*j**2 + 9*j - 15. Let h be g(6). Let p = k + h. Calculate the highest common divisor of p and 5.
5
Let y be (47330/(-1))/(-5) + -18. Calculate the highest common divisor of 24 and y.
8
Let c be 3 - (-446 + 8 - 1). What is the highest common factor of 26 and c?
26
Let b be (2/(-4)*-12 + 39/26)*48. Suppose 4*f + 216 = 10*f. Calculate the highest common factor of f and b.
36
Let w(t) = -2*t**3 - 20*t**2 - t + 1. Let i be w(-10). Let z be ((i - 9)*3)/(6/44). What is the greatest common factor of z and 220?
44
Let y = -2 + 85. Suppose 0 = 7*t - 866 - 877. What is the highest common divisor of t and y?
83
Suppose -5*d + 10 = 90. Let b be (-2 + -5)/((-12)/d - 1). Suppose -2*v - b = -124. Calculate the greatest common divisor of 192 and v.
48
Suppose -50*p = 4*l - 46*p - 212, 7*l - 5*p = 287. Calculate the highest common divisor of 1978 and l.
46
Let n = 157058 - 103783. What is the highest common divisor of 25 and n?
25
Let q = 9083 + -9051. Let r be -2*(-4)/(-4) + 2. Suppose -i = -3*y - 0*i + 43, r = 3*y - 4*i - 28. Calculate the highest common divisor of y and q.
16
Let d(f) = -4*f**3 + 60*f**2 + 87*f + 82. Let t be d(16). What is the greatest common factor of 90 and t?
90
Let x be (-4)/224*-574 + 1/(-4). Calculate the highest common divisor of 5410 and x.
10
Let s(b) = -b**3 + 4*b**2 + 18*b + 22. Let f be s(7). Let u be (192/15)/(f/5). Calculate the highest common divisor of 88 and u.
8
Suppose 3*n = 0, 0 = -2*v - 2*n - 0*n - 198. Let q = 215 + v. Suppose 404 - q = 9*h. Calculate the highest common divisor of 4 and h.
4
Suppose -f + 1013 = 4*a - 2446, 0 = 3*a - 8*f - 2568. Calculate the highest common factor of 120 and a.
24
Suppose -3*a - 4*j = -14 + 6, -4*a + 44 = -3*j. Suppose 0 = 5*p - b - 130, -4*b = 7*p - a*p + 7. What is the highest common factor of 675 and p?
27
Let q be 0 - -257 - (-36 + 46). Calculate the greatest common factor of q and 19.
19
Let s = -4598 + 4614. What is the greatest common divisor of s and 3352?
8
Let l(v) = v**3 + 7*v**2 + 3*v - 17. Let x be l(-6). Let b be (16 - 9)*30*x. What is the highest common divisor of b and 84?
42
Suppose 2260*d - 375*d - 34735 = -6460. Suppose n = 5*m - 378, 4*m - 285 = -4*n - n. What is the greatest common divisor of d and m?
15
Let g = 170 - 162. Suppose 14 = 2*f + 12. Calculate the greatest common divisor of g and f.
1
Let q be 0 + 258/54 + 36/162. Calculate the highest common factor of 40 and q.
5
Suppose -x = -5*a + 14, -a - 8 = x - 24. Let h(r) = r - 444. Let l be h(33). Let c = -389 - l. Calculate the greatest common factor of c and x.
11
Suppose 0 = 3*d + 45 + 165. Let a = 75 + d. Suppose g - a*g = -4, -g = -v + 20. Calculate the highest common divisor of 7 and v.
7
Let k be (4/5)/(1/(-15)). Let z(q) = -53*q - 6. Let c(i) = 238*i + 25. Let r(o) = 2*c(o) + 9*z(o). Let f be r(k). What is the greatest common factor of f and 2?
2
Let t(y) = -y**2 + 149. Let r = 398 + -387. Let p be t(r). Calculate the greatest common factor of 77 and p.
7
Let z = 3815 - 2999. What is the highest common factor of 96 and z?
48
Suppose 2*z - 2303 - 993 = 0. Suppose 27*w - 2270 = 511. Calculate the greatest common factor of w and z.
103
Let q(o) = -29*o - 117. Let z(k) = -k**2 + k + 1. Let l(t) = -q(t) - 3*z(t). Let g be l(-9). What is the greatest common factor of g and 3?
3
Let h = -4471 + 6122. Calculate the highest common factor of h and 208.
13
Suppose -o + 26 + 20 = 0. Suppose -o*d + 51*d = -315. Let w = 93 + d. Calculate the greatest common factor of 105 and w.
15
Let t(h) be the first derivative of -h**4/2 - 8*h**3/3 + 9*h**2 + 14*h - 7. Let j be t(-7). Calculate the greatest common factor of j and 26.
26
Let w(q) = q**3 - 8*q**2 - 19*q + 14. Let o be w(10). Suppose -4*p = -132 + o. Suppose -p*h = -23*h - 180. Calculate the highest common divisor of h and 45.
45
Let g = -27 + -18. Let b = g + 35. Let v = -6 - b. What is the highest common divisor of 44 and v?
4
Suppose -2*t + 138 = 4*t. Suppose x = -62 + t. Let z be 6/x - 262/(-13). What is the highest common divisor of 50 and z?
10
Suppose -337 = -67*j + 1606. What is the greatest common factor of 9077 and j?
29
Suppose -264909 = -148*u + 36419. Calculate the highest common divisor of u and 4.
4
Let v(p) = 136*p**2 + p + 1. Let o be -2*1 + 10/10. Let r be v(o). Let z(c) = 2*c**2 - 3*c - 10. Let j be z(-3). What is the highest common factor of r and j?
17
Let v(n) = -4*n - 25. Let w be v(0). Let r = 43 + w. Let t(m) = m**3 + 11*m**2 + 4*m + 14. Let f be t(-5). Calculate the highest common factor of f and r.
18
Let n be (49/(-28))/(2/(-96)). Let s = 71 - 50. Calculate the greatest common factor of n and s.
21
Suppose 2*d - 26 = -j + 3*d, -j = 4*d - 36. Let x = j + -41. Let a(z) = -z**2 - 13*z + 28. Let b be a(x). Calculate the highest common divisor of 4 and b.
4
Let j be (504/(-6) - 5)/((-10)/(-15) - 1). What is the highest common factor of j and 4628?
89
Suppose 3*a = 2*u - 66, -3*a - 111 = -48*u + 45*u. Calculate the greatest common factor of u and 3615.
15
Suppose 2*t - 8 = g + 8, 5*t = 2*g + 42. Let z be 3 + (-57)/21 - 38/(-14). Let s be (-312)/(-32) + z/12. What is the highest common divisor of t and s?
10
Suppose -1018 = -4*p - 2*f, -34*f + 569 = 2*p - 29*f. Let i be (2/(-4))/((-1)/26). What is the greatest common divisor of i and p?
13
Let d be (-52)/(-16) + 6/(-24) + 2363. Calculate the greatest common divisor of 26 and d.
26
Let q = 3021 - 3016. What is the highest common factor of 67 and q?
1
Let n = -1704 + 1983. Suppose -4 = -2*v + 14. What is the greatest common factor of n and v?
9
Let x(t) = -t**3 + 13*t**2 + 10*t - 21. Let k be x(12). Let v be (-3)/(-1) + (-3 - -14). Let w = v + 13. Calculate the highest common divisor of w and k.
27
Let r(z) = z**2 - 11*z + 22. Let d be r(9). Suppose w = -0*l + d*l + 5, -3*w - 2*l + 85 = 0. Let v = 945 + -670. What is the highest common divisor of v and w?
25
Let f(a) = -a**2 + 12*a - 8. Let l be f(9). Let q = l + 7. Let m be 47 - -2 - -3*(0 + 1). Calculate the greatest common divisor of q and m.
26
Let s be (2 - 0) + 6/(-3). Suppose -20*y + 9197 + 8403 = 0. Suppose -12*n + 4*n + y = s. Calculate the highest common divisor of 22 and n.
22
Suppose 0 = -85*n + 9550 + 2690. Calculate the greatest common factor of n and 774.
18
Suppose -2*v - 12 = q, 2*q + 4*v = -v - 20. Let i = -17 - q. Let n be (-28)/(-6) - (-1)/i. What is the greatest common factor of n and 55?
5
Suppose -5*v + 132 = -2*a, 0 = -11*v + 10*v - 5*a + 21. Suppose 2*o + 2*r - 988 = 0, -4*o + 3*r = -5*o + 494. What is the highest common factor of v and o?
26
Let t be (-21)/9*264/(-2). Let p = t - 133. Let o = -15 + 40. Calculate the highest common factor of o and p.
25
Let r = -1888 + 1898. What is the greatest common divisor of r and 86?
2
Let c(o) = o - 4*o + 11 + o + o. Let v(w) = 5*w - 45. Let i(u) = -15*c(u) - 4*v(u). Let h be i(-6). What is the highest common divisor of h and 30?
15
Let i(f) = -4*f + 0 + 0 - 8. Let g be i(-3). Suppose 580 = 2*k - g*y, k = -4*k - y + 1428. What is the highest common factor of 26 and k?
26
Let w be 12/5 + 27/45. Suppose -m + 19 = 5*h, -w*m + 3*h - 5*h + 18 = 0. What is the greatest common divisor of 52 and m?
4
Let m = 43 - -22. Let d(j) = 9*j**2 - 725*j + 2185. Let a be d(3). What is the highest common factor of m and a?
13
Let s(c) = -c**3 - 2*c**2 - 3*c - 18. Let u be s(-4). What is the greatest common factor of 6656 and u?
26
Let p(z) = 47*z**3 + 36*z**2 + 46*z**3 - 35 - 28*z - 94*z**3. Let c be p(35). What is the greatest common divisor of 90 and c?
30
Suppose 74*n = 31340 + 14836. Suppose q = -4*h - 4*q + 192,